{"id":50,"date":"2016-02-23T10:27:25","date_gmt":"2016-02-23T10:27:25","guid":{"rendered":"http:\/\/dlkt-roskilde.dk\/wordpress\/?page_id=50"},"modified":"2025-01-31T15:46:11","modified_gmt":"2025-01-31T14:46:11","slug":"receptioner","status":"publish","type":"page","link":"https:\/\/dlkt-roskilde.dk\/?page_id=50","title":{"rendered":"Receptioner"},"content":{"rendered":"<p><strong>St\u00e5ende arrangement.<br \/>\n<\/strong>Minisandwich ( 2 stk. )<br \/>\nPindemad ( 2 stk. ) m. laks-\u00e5l-rejer-roastbeef<br \/>\nSm\u00e5 lune frikadeller<br \/>\nP\u00f8lser i sv\u00f8b<br \/>\nJordb\u00e6r dyppet i chokolade ( s\u00e6son )<br \/>\nSnacks af gr\u00f8nsager m. dip\u00a0\u00a0\u00a0\u00a0\u00a0\u00a0\u00a0\u00a0\u00a0\u00a0\u00a0\u00a0\u00a0\u00a0\u00a0\u00a0\u00a0\u00a0\u00a0\u00a0\u00a0\u00a0\u00a0\u00a0\u00a0\u00a0\u00a0\u00a0\u00a0\u00a0\u00a0\u00a0\u00a0\u00a0\u00a0\u00a0\u00a0\u00a0\u00a0\u00a0\u00a0\u00a0\u00a0\u00a0\u00a0\u00a0\u00a0\u00a0\u00a0\u00a0\u00a0\u00a0\u00a0\u00a0\u00a0\u00a0\u00a0\u00a0\u00a0\u00a0\u00a0\u00a0\u00a0\u00a0\u00a0 \u00a0\u00a0\u00a0\u00a0\u00a0\u00a0\u00a0\u00a0 <strong>pr. couv. Kr. 105,-<\/strong>\u00a0( min. 20 couverter )<\/p>\n<div><\/div>\n<div><strong>Reception ; Komponer selv:<\/strong><\/div>\n<div>\u00a0\u00a0\u00a0\u00a0\u00a0\u00a0\u00a0\u00a0\u00a0\u00a0\u00a0\u00a0\u00a0\u00a0\u00a0\u00a0\u00a0\u00a0\u00a0\u00a0\u00a0\u00a0\u00a0\u00a0\u00a0\u00a0\u00a0\u00a0\u00a0\u00a0\u00a0\u00a0\u00a0\u00a0\u00a0\u00a0\u00a0\u00a0\u00a0\u00a0\u00a0\u00a0\u00a0\u00a0\u00a0\u00a0\u00a0\u00a0\u00a0\u00a0\u00a0\u00a0\u00a0\u00a0\u00a0\u00a0\u00a0\u00a0\u00a0\u00a0\u00a0\u00a0\u00a0\u00a0\u00a0\u00a0\u00a0\u00a0\u00a0\u00a0\u00a0\u00a0\u00a0\u00a0\u00a0\u00a0\u00a0\u00a0\u00a0\u00a0\u00a0\u00a0\u00a0\u00a0\u00a0\u00a0 \u00a0\u00a0\u00a0\u00a0\u00a0\u00a0\u00a0 Pris pr. couvert\u00a0\u00a0\u00a0\u00a0\u00a0\u00a0\u00a0\u00a0\u00a0\u00a0\u00a0\u00a0\u00a0\u00a0 Pris pr. stk.<\/div>\n<table border=\"1\" cellspacing=\"0\" cellpadding=\"0\">\n<tbody>\n<tr>\n<td valign=\"top\" width=\"367\">\n<div>Pindemad luksus<\/div>\n<\/td>\n<td valign=\"top\" width=\"144\">\n<div align=\"center\"><\/div>\n<\/td>\n<td valign=\"top\" width=\"141\">\n<div align=\"center\">15,-<\/div>\n<\/td>\n<\/tr>\n<tr>\n<td valign=\"top\" width=\"367\">\n<div>Canapee<\/div>\n<\/td>\n<td valign=\"top\" width=\"144\">\n<div><\/div>\n<\/td>\n<td valign=\"top\" width=\"141\">\n<div align=\"center\">20,-<\/div>\n<\/td>\n<\/tr>\n<tr>\n<td valign=\"top\" width=\"367\">\n<div>Crostini m. \u00e6ggesalat<\/div>\n<\/td>\n<td valign=\"top\" width=\"144\">\n<div><\/div>\n<\/td>\n<td valign=\"top\" width=\"141\">\n<div align=\"center\">10,-<\/div>\n<\/td>\n<\/tr>\n<tr>\n<td valign=\"top\" width=\"367\">\n<div>Mini croissant m. reje eller h\u00f8nsesalat<\/div>\n<\/td>\n<td valign=\"top\" width=\"144\">\n<div><\/div>\n<\/td>\n<td valign=\"top\" width=\"141\">\n<div align=\"center\">17,-<\/div>\n<\/td>\n<\/tr>\n<tr>\n<td valign=\"top\" width=\"367\">\n<div>Mini sandwich<\/div>\n<\/td>\n<td valign=\"top\" width=\"144\">\n<div><\/div>\n<\/td>\n<td valign=\"top\" width=\"141\">\n<div align=\"center\">\u00a0 10,-<\/div>\n<\/td>\n<\/tr>\n<tr>\n<td valign=\"top\" width=\"367\">\n<div>Lakseroulade p\u00e5 pind<\/div>\n<\/td>\n<td valign=\"top\" width=\"144\">\n<div><\/div>\n<\/td>\n<td valign=\"top\" width=\"141\">\n<div align=\"center\">17,-<\/div>\n<\/td>\n<\/tr>\n<tr>\n<td valign=\"top\" width=\"367\">\n<div>Diverse oliven<\/div>\n<\/td>\n<td valign=\"top\" width=\"144\">\n<div align=\"center\">14,-<\/div>\n<\/td>\n<td valign=\"top\" width=\"141\">\n<div align=\"center\"><\/div>\n<\/td>\n<\/tr>\n<tr>\n<td valign=\"top\" width=\"367\">\n<div>Melon m. serranoskinke<\/div>\n<\/td>\n<td valign=\"top\" width=\"144\">\n<div align=\"center\">17,-<\/div>\n<\/td>\n<td valign=\"top\" width=\"141\">\n<div align=\"center\"><\/div>\n<\/td>\n<\/tr>\n<tr>\n<td valign=\"top\" width=\"367\">\n<div>Snacks af gr\u00f8nsager m. dip<\/div>\n<\/td>\n<td valign=\"top\" width=\"144\">\n<div align=\"center\">17,-<\/div>\n<\/td>\n<td valign=\"top\" width=\"141\">\n<div><\/div>\n<\/td>\n<\/tr>\n<tr>\n<td valign=\"top\" width=\"367\">\n<div>Nachos m. quacamolodip<\/div>\n<\/td>\n<td valign=\"top\" width=\"144\">\n<div align=\"center\">17,-<\/div>\n<\/td>\n<td valign=\"top\" width=\"141\">\n<div><\/div>\n<\/td>\n<\/tr>\n<tr>\n<td valign=\"top\" width=\"367\">\n<div>Ostepindemad<\/div>\n<\/td>\n<td valign=\"top\" width=\"144\">\n<div><\/div>\n<\/td>\n<td valign=\"top\" width=\"141\">\n<div align=\"center\">15,-<\/div>\n<\/td>\n<\/tr>\n<tr>\n<td valign=\"top\" width=\"367\">\n<div>Gryere ostepinde<\/div>\n<\/td>\n<td valign=\"top\" width=\"144\">\n<div align=\"center\">17,-<\/div>\n<\/td>\n<td valign=\"top\" width=\"141\">\n<div><\/div>\n<\/td>\n<\/tr>\n<tr>\n<td valign=\"top\" width=\"367\">\n<div>Chickenwings m. barbeque<\/div>\n<\/td>\n<td valign=\"top\" width=\"144\">\n<div align=\"center\">17,-<\/div>\n<\/td>\n<td valign=\"top\" width=\"141\">\n<div><\/div>\n<\/td>\n<\/tr>\n<tr>\n<td valign=\"top\" width=\"367\">\n<div>Mini for\u00e5rsruller m. chilidip<\/div>\n<\/td>\n<td valign=\"top\" width=\"144\">\n<div align=\"center\">17,-<\/div>\n<\/td>\n<td valign=\"top\" width=\"141\">\n<div><\/div>\n<\/td>\n<\/tr>\n<tr>\n<td valign=\"top\" width=\"367\">\n<div>Minifrikadeller<\/div>\n<\/td>\n<td valign=\"top\" width=\"144\">\n<div align=\"center\">17,-<\/div>\n<\/td>\n<td valign=\"top\" width=\"141\">\n<div><\/div>\n<\/td>\n<\/tr>\n<tr>\n<td valign=\"top\" width=\"367\">\n<div>Cocktailp\u00f8lser i sv\u00f8b<\/div>\n<\/td>\n<td valign=\"top\" width=\"144\">\n<div align=\"center\">17,-<\/div>\n<\/td>\n<td valign=\"top\" width=\"141\">\n<div><\/div>\n<\/td>\n<\/tr>\n<tr>\n<td valign=\"top\" width=\"367\">\n<div>Jordb\u00e6r dyppet i chokolade<\/div>\n<\/td>\n<td valign=\"top\" width=\"144\">\n<div align=\"center\">20,-<\/div>\n<\/td>\n<td valign=\"top\" width=\"141\">\n<div><\/div>\n<\/td>\n<\/tr>\n<tr>\n<td valign=\"top\" width=\"367\">\n<div>Mini chokoladesk\u00e5le m. hindb\u00e6rmousse<\/div>\n<\/td>\n<td valign=\"top\" width=\"144\">\n<div><\/div>\n<\/td>\n<td valign=\"top\" width=\"141\">\n<div align=\"center\">15,-<\/div>\n<\/td>\n<\/tr>\n<tr>\n<td valign=\"top\" width=\"367\">\n<div><\/div>\n<\/td>\n<td valign=\"top\" width=\"144\">\n<div><\/div>\n<\/td>\n<td valign=\"top\" width=\"141\">\n<div align=\"center\"><\/div>\n<\/td>\n<\/tr>\n<\/tbody>\n<\/table>\n<div><\/div>\n<p><strong>Alt bliver smukt og l\u00e6kkert anrettet p\u00e5 fade<\/strong><\/p>\n","protected":false},"excerpt":{"rendered":"<p>St\u00e5ende arrangement. Minisandwich ( 2 stk. ) Pindemad ( 2 stk. ) m. laks-\u00e5l-rejer-roastbeef Sm\u00e5 lune frikadeller P\u00f8lser i sv\u00f8b Jordb\u00e6r dyppet i chokolade ( s\u00e6son ) Snacks af gr\u00f8nsager m. dip\u00a0\u00a0\u00a0\u00a0\u00a0\u00a0\u00a0\u00a0\u00a0\u00a0\u00a0\u00a0\u00a0\u00a0\u00a0\u00a0\u00a0\u00a0\u00a0\u00a0\u00a0\u00a0\u00a0\u00a0\u00a0\u00a0\u00a0\u00a0\u00a0\u00a0\u00a0\u00a0\u00a0\u00a0\u00a0\u00a0\u00a0\u00a0\u00a0\u00a0\u00a0\u00a0\u00a0\u00a0\u00a0\u00a0\u00a0\u00a0\u00a0\u00a0\u00a0\u00a0\u00a0\u00a0\u00a0\u00a0\u00a0\u00a0\u00a0\u00a0\u00a0\u00a0\u00a0\u00a0\u00a0 \u00a0\u00a0\u00a0\u00a0\u00a0\u00a0\u00a0\u00a0 pr. couv. Kr. 105,-\u00a0( min. 20 couverter ) Reception ; Komponer selv: \u00a0\u00a0\u00a0\u00a0\u00a0\u00a0\u00a0\u00a0\u00a0\u00a0\u00a0\u00a0\u00a0\u00a0\u00a0\u00a0\u00a0\u00a0\u00a0\u00a0\u00a0\u00a0\u00a0\u00a0\u00a0\u00a0\u00a0\u00a0\u00a0\u00a0\u00a0\u00a0\u00a0\u00a0\u00a0\u00a0\u00a0\u00a0\u00a0\u00a0\u00a0\u00a0\u00a0\u00a0\u00a0\u00a0\u00a0\u00a0\u00a0\u00a0\u00a0\u00a0\u00a0\u00a0\u00a0\u00a0\u00a0\u00a0\u00a0\u00a0\u00a0\u00a0\u00a0\u00a0\u00a0\u00a0\u00a0\u00a0\u00a0\u00a0\u00a0\u00a0\u00a0\u00a0\u00a0\u00a0\u00a0\u00a0\u00a0\u00a0\u00a0\u00a0\u00a0\u00a0\u00a0\u00a0 \u00a0\u00a0\u00a0\u00a0\u00a0\u00a0\u00a0 Pris pr. couvert\u00a0\u00a0\u00a0\u00a0\u00a0\u00a0\u00a0\u00a0\u00a0\u00a0\u00a0\u00a0\u00a0\u00a0 Pris pr. stk. Pindemad luksus [&hellip;]<\/p>\n","protected":false},"author":1,"featured_media":0,"parent":0,"menu_order":0,"comment_status":"closed","ping_status":"closed","template":"","meta":{"_et_pb_use_builder":"","_et_pb_old_content":"","_et_gb_content_width":"","footnotes":""},"class_list":["post-50","page","type-page","status-publish","hentry"],"_links":{"self":[{"href":"https:\/\/dlkt-roskilde.dk\/index.php?rest_route=\/wp\/v2\/pages\/50","targetHints":{"allow":["GET"]}}],"collection":[{"href":"https:\/\/dlkt-roskilde.dk\/index.php?rest_route=\/wp\/v2\/pages"}],"about":[{"href":"https:\/\/dlkt-roskilde.dk\/index.php?rest_route=\/wp\/v2\/types\/page"}],"author":[{"embeddable":true,"href":"https:\/\/dlkt-roskilde.dk\/index.php?rest_route=\/wp\/v2\/users\/1"}],"replies":[{"embeddable":true,"href":"https:\/\/dlkt-roskilde.dk\/index.php?rest_route=%2Fwp%2Fv2%2Fcomments&post=50"}],"version-history":[{"count":4,"href":"https:\/\/dlkt-roskilde.dk\/index.php?rest_route=\/wp\/v2\/pages\/50\/revisions"}],"predecessor-version":[{"id":3236,"href":"https:\/\/dlkt-roskilde.dk\/index.php?rest_route=\/wp\/v2\/pages\/50\/revisions\/3236"}],"wp:attachment":[{"href":"https:\/\/dlkt-roskilde.dk\/index.php?rest_route=%2Fwp%2Fv2%2Fmedia&parent=50"}],"curies":[{"name":"wp","href":"https:\/\/api.w.org\/{rel}","templated":true}]}}